{"id":94,"date":"2022-02-18T01:44:30","date_gmt":"2022-02-17T22:44:30","guid":{"rendered":"https:\/\/www.incibilisim.com\/?page_id=94"},"modified":"2022-02-18T01:44:30","modified_gmt":"2022-02-17T22:44:30","slug":"destek","status":"publish","type":"page","link":"https:\/\/www.incibilisim.com\/?page_id=94","title":{"rendered":"Destek"},"content":{"rendered":"\n<h1 class=\"wp-block-heading\" id=\"destek-hizmeti\">Destek Hizmeti<\/h1>\n\n\n\n<h1 class=\"wp-block-heading\" id=\"sql-server-express\"><strong>SQL Server Express<\/strong><\/h1>\n\n\n\n<p>&nbsp;Microsoft taraf\u0131ndan geli\u015ftirilmi\u015f ili\u015fkisel veri taban\u0131 y\u00f6netim sistemidir. \u0130li\u015fkisel veri taban\u0131 sistemi ingilizce olarak \u201cRelational Database Management System\u201d olarak adland\u0131r\u0131l\u0131r. Microsoft taraf\u0131ndan SQL Server olarak kar\u015f\u0131m\u0131za \u00e7e\u015fitli s\u00fcr\u00fcmler \u00e7\u0131kmaktad\u0131r. Bunlar i\u00e7inde Express versiyonlar\u0131 \u00fccretsiz olanlar\u0131d\u0131r. Daha \u00e7ok e\u011fitim ama\u00e7l\u0131 kullan\u0131l\u0131rlar. \u00dccretli olarak da kurumlar\u0131n hizmetine sunulan versiyonlar\u0131 bulunmaktad\u0131r. Standart, Business, Intelligence ve Enterprise versiyonu gibi. Bu s\u00fcr\u00fcmlerde terabyte\u2019larca veriyi saklayabilmeniz m\u00fcmk\u00fcnd\u00fcr. A\u015fa\u011f\u0131daki tabloda Sql Server Management Studio 2012\u2019ye ait s\u00fcr\u00fcmleri ve hangilerinin hangi ama\u00e7 do\u011frultusunda kullan\u0131ld\u0131\u011f\u0131n\u0131 g\u00f6rebilirsiniz. \u0130lgili programa&nbsp;<a target=\"_blank\" href=\"http:\/\/www.incibilisim.com\/destek\/sql-express\/\" rel=\"noreferrer noopener\">buraya<\/a>&nbsp;t\u0131klayarak ula\u015fabilirsiniz.<\/p>\n\n\n\n<h2 class=\"wp-block-heading\" id=\"logo\">Logo&nbsp;<\/h2>\n\n\n\n<p><em>Logo Yaz\u0131l\u0131m<\/em>, her sekt\u00f6re ve i\u015fletmeye uyumlu; \u015firketlerin, KOB\u0130\u2019lerin daha \u00fcretken, karl\u0131 olabilmesi i\u00e7in teknoloji ve yaz\u0131l\u0131m \u00e7\u00f6z\u00fcmleri sunar. \u0130lgili programa <a rel=\"noreferrer noopener\" href=\"http:\/\/www.incibilisim.com\/destek\/logo-versiyonlar\/\" target=\"_blank\">buraya\u00a0\u00a0<\/a>\u00a0t\u0131klayarak ula\u015fabilirsiniz.<\/p>\n\n\n\n<div class=\"wp-block-image\"><figure class=\"alignleft\"><img decoding=\"async\" src=\"https:\/\/www.ismailgursoy.com.tr\/wp-content\/uploads\/2012\/12\/081201.png\" alt=\"\"\/><\/figure><\/div>\n","protected":false},"excerpt":{"rendered":"<p>Destek Hizmeti SQL Server Express &nbsp;Microsoft taraf\u0131ndan geli\u015ftirilmi\u015f ili\u015fkisel veri taban\u0131 y\u00f6netim sistemidir. \u0130li\u015fkisel veri taban\u0131 sistemi ingilizce olarak \u201cRelational Database Management System\u201d olarak adland\u0131r\u0131l\u0131r. Microsoft taraf\u0131ndan SQL Server olarak kar\u015f\u0131m\u0131za \u00e7e\u015fitli s\u00fcr\u00fcmler \u00e7\u0131kmaktad\u0131r. Bunlar i\u00e7inde Express versiyonlar\u0131 \u00fccretsiz olanlar\u0131d\u0131r. Daha \u00e7ok e\u011fitim ama\u00e7l\u0131 kullan\u0131l\u0131rlar. \u00dccretli olarak da kurumlar\u0131n hizmetine sunulan versiyonlar\u0131 bulunmaktad\u0131r. Standart, Business, [&hellip;]<\/p>\n","protected":false},"author":1,"featured_media":0,"parent":0,"menu_order":0,"comment_status":"closed","ping_status":"closed","template":"","meta":{"footnotes":""},"class_list":["post-94","page","type-page","status-publish","hentry"],"_links":{"self":[{"href":"https:\/\/www.incibilisim.com\/index.php?rest_route=\/wp\/v2\/pages\/94","targetHints":{"allow":["GET"]}}],"collection":[{"href":"https:\/\/www.incibilisim.com\/index.php?rest_route=\/wp\/v2\/pages"}],"about":[{"href":"https:\/\/www.incibilisim.com\/index.php?rest_route=\/wp\/v2\/types\/page"}],"author":[{"embeddable":true,"href":"https:\/\/www.incibilisim.com\/index.php?rest_route=\/wp\/v2\/users\/1"}],"replies":[{"embeddable":true,"href":"https:\/\/www.incibilisim.com\/index.php?rest_route=%2Fwp%2Fv2%2Fcomments&post=94"}],"version-history":[{"count":1,"href":"https:\/\/www.incibilisim.com\/index.php?rest_route=\/wp\/v2\/pages\/94\/revisions"}],"predecessor-version":[{"id":95,"href":"https:\/\/www.incibilisim.com\/index.php?rest_route=\/wp\/v2\/pages\/94\/revisions\/95"}],"wp:attachment":[{"href":"https:\/\/www.incibilisim.com\/index.php?rest_route=%2Fwp%2Fv2%2Fmedia&parent=94"}],"curies":[{"name":"wp","href":"https:\/\/api.w.org\/{rel}","templated":true}]}}