{"id":82,"date":"2022-02-18T01:39:04","date_gmt":"2022-02-17T22:39:04","guid":{"rendered":"https:\/\/www.incibilisim.com\/?page_id=82"},"modified":"2022-02-18T01:39:05","modified_gmt":"2022-02-17T22:39:05","slug":"logo-start3-konya","status":"publish","type":"page","link":"https:\/\/www.incibilisim.com\/?page_id=82","title":{"rendered":"Logo-Start3 Konya"},"content":{"rendered":"\n<h1 class=\"wp-block-heading\" id=\"logo-start3\">Logo-Start3<\/h1>\n\n\n\n<h3 class=\"wp-block-heading\" id=\"genel-bakis\">Genel bak\u0131\u015f<\/h3>\n\n\n\n<p>\u00d6n muhasebe program\u0131 Logo Start 3 ile t\u00fcm mikro i\u015fletmeler stok, maliyet, kasa, fatura, sipari\u015f, \u00f6deme ve tahsilat takibi,&nbsp; banka ve m\u00fc\u015fteri bilgilerinin y\u00f6netimi i\u015flemlerini tek noktadan yapabiliyor.<\/p>\n\n\n\n<p>B\u00f6ylece banka hesaplar\u0131ndan ayl\u0131k \u00f6demelere, stok bilgilerinden e-Fatura kesimine kadar her noktada kontrol ve verimlilik art\u0131\u015f\u0131 sa\u011flan\u0131yor.<\/p>\n\n\n\n<h3 class=\"wp-block-heading\" id=\"on-muhasebe-islemlerinde-kolaylik\">\u00d6n muhasebe i\u015flemlerinde&nbsp;kolayl\u0131k<\/h3>\n\n\n\n<p>Mikro i\u015fletmelerin \u00f6ncelikli hedefi ticari faaliyetlerinden kazan\u00e7 sa\u011flamak, sonraki ad\u0131m\u0131 ise i\u015flerini yava\u015f yava\u015f b\u00fcy\u00fctmektir.<\/p>\n\n\n\n<p>Kolayca ve k\u0131sa s\u00fcrede devreye al\u0131nan Logo Start 3, bu hedeflere ula\u015fmak i\u00e7in gerekli teknolojik altyap\u0131y\u0131 sa\u011flaman\u0131n yan\u0131 s\u0131ra g\u00fcnl\u00fck \u00f6n muhasebe i\u015flemlerine&nbsp;y\u00f6nelik t\u00fcm ihtiya\u00e7lar\u0131 da kar\u015f\u0131l\u0131yor.<\/p>\n\n\n\n<p>Hangi sekt\u00f6rde faaliyet g\u00f6steriyor olursa olsun, t\u00fcm mikro i\u015fletmeler dijitalle\u015fmenin ilk ad\u0131m\u0131n\u0131 Logo Start ile atabiliyor.<\/p>\n\n\n\n<p>B\u00f6ylece b\u00fcy\u00fck yat\u0131r\u0131mlar yapmaya gerek kalmadan stok, maliyet, kasa, fatura, sipari\u015f, \u00f6deme ve tahsilat takibi, banka ve m\u00fc\u015fteri bilgilerini tek noktadan yapabiliyor.<\/p>\n\n\n\n<h3 class=\"wp-block-heading\" id=\"e-devlet-cozumleri-entegrasyonu\">e-Devlet \u00e7\u00f6z\u00fcmleri entegrasyonu<\/h3>\n\n\n\n<p>Logo Start 3\u2019\u00fcn sundu\u011fu kolayl\u0131klara e-Devlet \u00e7\u00f6z\u00fcmleri konforunu da eklemek isteyen mikro i\u015fletmeler, bu \u00e7\u00f6z\u00fcmleri yine eLogo g\u00fcvencesiyle ek hizmet olarak alabiliyor.<br>e-Fatura, e-Ar\u015fiv Fatura ve e-\u0130rsaliye \u00e7\u00f6z\u00fcmleri Logo Start 3 ile entegre \u00e7al\u0131\u015f\u0131yor.<\/p>\n\n\n\n<p>B\u00f6ylece herhangi bir ek uygulamaya gerek kalmadan, e-Devlet \u00e7\u00f6z\u00fcmlerine kolayca ve k\u0131sa s\u00fcrede ge\u00e7i\u015f yap\u0131labiliyor.<\/p>\n\n\n\n<p>Logo Start 3 ile birlikte e-Fatura,&nbsp;e-Ar\u015fiv Fatura ve e-\u0130rsaliye\u2019ye&nbsp;ge\u00e7i\u015f, i\u015flem kolayl\u0131\u011f\u0131 sunman\u0131n yan\u0131 s\u0131ra ka\u011f\u0131t ve bas\u0131m maliyetlerinden de tasarruf etmeyi sa\u011fl\u0131yor.<\/p>\n\n\n\n<h4 class=\"wp-block-heading\"><\/h4>\n\n\n\n<h4 class=\"wp-block-heading\" id=\"urun-kurulumu-fiyat-listesi-demo-talep-urun-brosuru\"><a href=\"ftp:\/\/download.logo.com.tr\/Windows\/KOBI\/GUNCEL\/START3\/2.68.00.00\/\" target=\"_blank\" rel=\"noopener\">\u00dcr\u00fcn Kurulumu<\/a>&nbsp;&nbsp;<a href=\"https:\/\/cdn-nq.logo.com.tr\/product\/documents\/851f53bd00c7e8f9759b8882e25d2906bd2fecee.pdf\" target=\"_blank\" rel=\"noreferrer noopener\">Fiyat Listesi<\/a>&nbsp;&nbsp;<a href=\"https:\/\/demokey.logo.com.tr\/?product=3030\" target=\"_blank\" rel=\"noreferrer noopener\">Demo Talep<\/a>&nbsp;&nbsp;<a href=\"https:\/\/cdn-nq.logo.com.tr\/product\/documents\/0140ca6316087161a22fc644e1efd13a6f326020.pdf\" target=\"_blank\" rel=\"noreferrer noopener\">\u00dcr\u00fcn Bro\u015f\u00fcr\u00fc<\/a><\/h4>\n","protected":false},"excerpt":{"rendered":"<p>Logo-Start3 Genel bak\u0131\u015f \u00d6n muhasebe program\u0131 Logo Start 3 ile t\u00fcm mikro i\u015fletmeler stok, maliyet, kasa, fatura, sipari\u015f, \u00f6deme ve tahsilat takibi,&nbsp; banka ve m\u00fc\u015fteri bilgilerinin y\u00f6netimi i\u015flemlerini tek noktadan yapabiliyor. B\u00f6ylece banka hesaplar\u0131ndan ayl\u0131k \u00f6demelere, stok bilgilerinden e-Fatura kesimine kadar her noktada kontrol ve verimlilik art\u0131\u015f\u0131 sa\u011flan\u0131yor. \u00d6n muhasebe i\u015flemlerinde&nbsp;kolayl\u0131k Mikro i\u015fletmelerin \u00f6ncelikli hedefi [&hellip;]<\/p>\n","protected":false},"author":1,"featured_media":10,"parent":0,"menu_order":0,"comment_status":"closed","ping_status":"closed","template":"","meta":{"footnotes":""},"class_list":["post-82","page","type-page","status-publish","has-post-thumbnail","hentry"],"_links":{"self":[{"href":"https:\/\/www.incibilisim.com\/index.php?rest_route=\/wp\/v2\/pages\/82","targetHints":{"allow":["GET"]}}],"collection":[{"href":"https:\/\/www.incibilisim.com\/index.php?rest_route=\/wp\/v2\/pages"}],"about":[{"href":"https:\/\/www.incibilisim.com\/index.php?rest_route=\/wp\/v2\/types\/page"}],"author":[{"embeddable":true,"href":"https:\/\/www.incibilisim.com\/index.php?rest_route=\/wp\/v2\/users\/1"}],"replies":[{"embeddable":true,"href":"https:\/\/www.incibilisim.com\/index.php?rest_route=%2Fwp%2Fv2%2Fcomments&post=82"}],"version-history":[{"count":1,"href":"https:\/\/www.incibilisim.com\/index.php?rest_route=\/wp\/v2\/pages\/82\/revisions"}],"predecessor-version":[{"id":83,"href":"https:\/\/www.incibilisim.com\/index.php?rest_route=\/wp\/v2\/pages\/82\/revisions\/83"}],"wp:featuredmedia":[{"embeddable":true,"href":"https:\/\/www.incibilisim.com\/index.php?rest_route=\/wp\/v2\/media\/10"}],"wp:attachment":[{"href":"https:\/\/www.incibilisim.com\/index.php?rest_route=%2Fwp%2Fv2%2Fmedia&parent=82"}],"curies":[{"name":"wp","href":"https:\/\/api.w.org\/{rel}","templated":true}]}}