{"id":122,"date":"2022-02-19T17:33:08","date_gmt":"2022-02-19T14:33:08","guid":{"rendered":"https:\/\/www.incibilisim.com\/?page_id=122"},"modified":"2025-08-29T17:43:37","modified_gmt":"2025-08-29T14:43:37","slug":"microsoft-sql-surumleri","status":"publish","type":"page","link":"https:\/\/www.incibilisim.com\/?page_id=122","title":{"rendered":"Microsoft SQL S\u00fcr\u00fcmleri"},"content":{"rendered":"<p>\n\n\n<\/p>\n<h1 class=\"wp-block-heading\" id=\"sql-express\">Sql Express<\/h1>\n<p>\n\n\n<\/p>\n<p>\n\n\n<\/p>\n<p>Logo muhasebe programlar\u0131 olan Al\u0131nteri, Start, Start3, Lks2, Go, GoPlus, Go3 &nbsp;Kobi \u00fcr\u00fcnleri ve&nbsp; Tiger Plus, Tiger Enterprise, Tiger3 personel bordro program\u0131 olan Logo Bordro Plus ile Logo \u0130nsan Kaynaklar\u0131 yaz\u0131l\u0131mlar\u0131n\u0131n kurulumundan \u00f6nce, veri taban\u0131n\u0131n (database) olu\u015fturulmas\u0131 ve y\u00f6netimi i\u00e7in Microsoft SQL Server program\u0131n sisteminizde kurulu olmas\u0131 gerekmektedir. Microsoft SQL Express Program\u0131 \u00fccretsiz bir programd\u0131r.<\/p>\n<p>\n\n\n<h4>Microsoft SQL Server 2014 Express 64 Bit<\/h4>\n<p><a href=\"https:\/\/download.microsoft.com\/download\/E\/A\/E\/EAE6F7FC-767A-4038-A954-49B8B05D04EB\/ExpressAdv%2064BIT\/SQLEXPRADV_x64_ENU.exe\" target=\"_blank\" rel=\"noopener\"><br \/><img loading=\"lazy\" decoding=\"async\" src=\"https:\/\/www.incibilisim.com\/wp-content\/uploads\/2022\/02\/bulut-download-indir-butonu-free-download-e1645283844456.png\" alt=\"\" width=\"110\" height=\"22\" \/> <\/a><\/p>\n<h4>Microsoft SQL Server 2017 Express 64 Bit<\/h4>\n<p><a href=\"https:\/\/download.microsoft.com\/download\/E\/F\/2\/EF23C21D-7860-4F05-88CE-39AA114B014B\/SQLEXPRADV_x64_ENU.exe\" target=\"_blank\" rel=\"noopener\"><br \/><img loading=\"lazy\" decoding=\"async\" src=\"https:\/\/www.incibilisim.com\/wp-content\/uploads\/2022\/02\/bulut-download-indir-butonu-free-download-e1645283844456.png\" alt=\"\" width=\"110\" height=\"22\" \/> <\/a><\/p>\n<h4>Microsoft SQL Server 2019 Express 64 Bit<\/h4>\n<p><a href=\"https:\/\/download.microsoft.com\/download\/7\/c\/1\/7c14e92e-bdcb-4f89-b7cf-93543e7112d1\/SQLEXPRADV_x64_ENU.exe\" target=\"_blank\" rel=\"noopener\"><br \/><img loading=\"lazy\" decoding=\"async\" src=\"https:\/\/www.incibilisim.com\/wp-content\/uploads\/2022\/02\/bulut-download-indir-butonu-free-download-e1645283844456.png\" alt=\"\" width=\"110\" height=\"22\" \/> <\/a><\/p>\n<h4>Microsoft SQL Server Management Studio<\/h4>\n<p><a href=\"https:\/\/aka.ms\/ssmsfullsetup\" target=\"_blank\" rel=\"noopener\"><br \/><img loading=\"lazy\" decoding=\"async\" src=\"https:\/\/www.incibilisim.com\/wp-content\/uploads\/2022\/02\/bulut-download-indir-butonu-free-download-e1645283844456.png\" alt=\"\" width=\"110\" height=\"22\" \/> <\/a><\/p>\n<h4>SQL Yedekleme<\/h4>\n<p><a href=\"https:\/\/sqlbackupandftp.com\/home\/downloadlatestversion\" target=\"_blank\" rel=\"noopener\"><br \/><img loading=\"lazy\" decoding=\"async\" src=\"https:\/\/www.incibilisim.com\/wp-content\/uploads\/2022\/02\/bulut-download-indir-butonu-free-download-e1645283844456.png\" alt=\"\" width=\"110\" height=\"22\" \/> <\/a><\/p>\n<h4>Synology Yedekleme<\/h4>\n<p><a href=\"https:\/\/global.download.synology.com\/download\/Utility\/SynologyDriveClient\/3.0.3-12689\/Windows\/Installer\/Synology%20Drive%20Client-3.0.3-12689.msi?model=DS720%2B&amp;bays=2&amp;dsm_version=7.0.1&amp;build_number=42218\" target=\"_blank\" rel=\"noopener\"><br \/><img loading=\"lazy\" decoding=\"async\" src=\"https:\/\/www.incibilisim.com\/wp-content\/uploads\/2022\/02\/bulut-download-indir-butonu-free-download-e1645283844456.png\" alt=\"\" width=\"110\" height=\"22\" \/><\/a><\/p>\n<h4>Kopyala<\/h4>\n<p><a href=\"https:\/\/global.download.synology.com\/download\/Utility\/SynologyDriveClient\/3.0.3-12689\/Windows\/Installer\/Synology%20Drive%20Client-3.0.3-12689.msi?model=DS720%2B&amp;bays=2&amp;dsm_version=7.0.1&amp;build_number=42218\" target=\"_blank\" rel=\"noopener\"><br \/><\/a><a href=\"https:\/\/www.incibilisim.com\/Programlar\/KOPYALA4.exe\"><img loading=\"lazy\" decoding=\"async\" class=\"alignnone\" src=\"https:\/\/www.incibilisim.com\/wp-content\/uploads\/2022\/02\/bulut-download-indir-butonu-free-download-e1645283844456.png\" alt=\"\" width=\"110\" height=\"22\" \/><\/a><\/p>\n\n\n<\/p>\n<p>\n","protected":false},"excerpt":{"rendered":"<p>Sql Express Logo muhasebe programlar\u0131 olan Al\u0131nteri, Start, Start3, Lks2, Go, GoPlus, Go3 &nbsp;Kobi \u00fcr\u00fcnleri ve&nbsp; Tiger Plus, Tiger Enterprise, Tiger3 personel bordro program\u0131 olan Logo Bordro Plus ile Logo \u0130nsan Kaynaklar\u0131 yaz\u0131l\u0131mlar\u0131n\u0131n kurulumundan \u00f6nce, veri taban\u0131n\u0131n (database) olu\u015fturulmas\u0131 ve y\u00f6netimi i\u00e7in Microsoft SQL Server program\u0131n sisteminizde kurulu olmas\u0131 gerekmektedir. Microsoft SQL Express Program\u0131 \u00fccretsiz [&hellip;]<\/p>\n","protected":false},"author":1,"featured_media":0,"parent":0,"menu_order":0,"comment_status":"closed","ping_status":"closed","template":"","meta":{"footnotes":""},"class_list":["post-122","page","type-page","status-publish","hentry"],"_links":{"self":[{"href":"https:\/\/www.incibilisim.com\/index.php?rest_route=\/wp\/v2\/pages\/122","targetHints":{"allow":["GET"]}}],"collection":[{"href":"https:\/\/www.incibilisim.com\/index.php?rest_route=\/wp\/v2\/pages"}],"about":[{"href":"https:\/\/www.incibilisim.com\/index.php?rest_route=\/wp\/v2\/types\/page"}],"author":[{"embeddable":true,"href":"https:\/\/www.incibilisim.com\/index.php?rest_route=\/wp\/v2\/users\/1"}],"replies":[{"embeddable":true,"href":"https:\/\/www.incibilisim.com\/index.php?rest_route=%2Fwp%2Fv2%2Fcomments&post=122"}],"version-history":[{"count":28,"href":"https:\/\/www.incibilisim.com\/index.php?rest_route=\/wp\/v2\/pages\/122\/revisions"}],"predecessor-version":[{"id":274,"href":"https:\/\/www.incibilisim.com\/index.php?rest_route=\/wp\/v2\/pages\/122\/revisions\/274"}],"wp:attachment":[{"href":"https:\/\/www.incibilisim.com\/index.php?rest_route=%2Fwp%2Fv2%2Fmedia&parent=122"}],"curies":[{"name":"wp","href":"https:\/\/api.w.org\/{rel}","templated":true}]}}